{"id":110,"date":"2026-04-16T11:31:05","date_gmt":"2026-04-16T09:31:05","guid":{"rendered":"http:\/\/www.azemis.cz\/?page_id=110"},"modified":"2026-04-16T11:31:05","modified_gmt":"2026-04-16T09:31:05","slug":"home-en","status":"publish","type":"page","link":"https:\/\/www.azemis.cz\/?page_id=110","title":{"rendered":"Home"},"content":{"rendered":"\n\n<h1 class=\"wp-block-heading\">Your Finances in Good Hands<\/h1>\n\n\n\n<p>We provide comprehensive accounting, tax, and payroll services for individuals and companies. Reliability, discretion, and expertise \u2013 these are our core values.<\/p>\n\n\n\n<div class=\"wp-block-buttons is-layout-flex wp-block-buttons-is-layout-flex\">\n  \n  <div class=\"wp-block-button\"><a class=\"wp-block-button__link\" href=\"\/en\/contact\">Free Consultation<\/a><\/div>\n  \n  \n  <div class=\"wp-block-button is-style-outline is-style-outline--1\"><a class=\"wp-block-button__link\" href=\"\/en\/services\">Our Services<\/a><\/div>\n  \n<\/div>\n\n\n\n<div class=\"wp-block-columns is-layout-flex wp-container-core-columns-is-layout-9d6595d7 wp-block-columns-is-layout-flex\">\n  \n  <div class=\"wp-block-column is-layout-flow wp-block-column-is-layout-flow\">\n    <h3 class=\"wp-block-heading\">\u2705 Experience<\/h3>\n    <p>Over 10 years of experience in accounting and taxation with dozens of satisfied clients.<\/p>\n  <\/div>\n  \n  \n  <div class=\"wp-block-column is-layout-flow wp-block-column-is-layout-flow\">\n    <h3 class=\"wp-block-heading\">\ud83d\udd12 Confidentiality<\/h3>\n    <p>All information about your business is safe with us. We operate in full compliance with GDPR.<\/p>\n  <\/div>\n  \n  \n  <div class=\"wp-block-column is-layout-flow wp-block-column-is-layout-flow\">\n    <h3 class=\"wp-block-heading\">\ud83d\udcac Availability<\/h3>\n    <p>We respond within 24 hours. For urgent matters, even faster.<\/p>\n  <\/div>\n  \n<\/div>\n\n\t\t","protected":false},"excerpt":{"rendered":"<p>Your Finances in Good Hands We provide comprehensive accounting, tax, and payroll services for individuals and companies. Reliability, discretion, and expertise \u2013 these are our core values. \u2705 Experience Over 10 years of experience in accounting and taxation with dozens of satisfied clients. \ud83d\udd12 Confidentiality All information about your business is safe with us. We &#8230; <a title=\"Home\" class=\"read-more\" href=\"https:\/\/www.azemis.cz\/?page_id=110\" aria-label=\"\u010c\u00edst v\u00edce o Home\">\u010c\u00edst d\u00e1l<\/a><\/p>\n","protected":false},"author":1,"featured_media":0,"parent":0,"menu_order":11,"comment_status":"closed","ping_status":"closed","template":"","meta":{"footnotes":""},"class_list":["post-110","page","type-page","status-publish"],"_links":{"self":[{"href":"https:\/\/www.azemis.cz\/index.php?rest_route=\/wp\/v2\/pages\/110","targetHints":{"allow":["GET"]}}],"collection":[{"href":"https:\/\/www.azemis.cz\/index.php?rest_route=\/wp\/v2\/pages"}],"about":[{"href":"https:\/\/www.azemis.cz\/index.php?rest_route=\/wp\/v2\/types\/page"}],"author":[{"embeddable":true,"href":"https:\/\/www.azemis.cz\/index.php?rest_route=\/wp\/v2\/users\/1"}],"replies":[{"embeddable":true,"href":"https:\/\/www.azemis.cz\/index.php?rest_route=%2Fwp%2Fv2%2Fcomments&post=110"}],"version-history":[{"count":1,"href":"https:\/\/www.azemis.cz\/index.php?rest_route=\/wp\/v2\/pages\/110\/revisions"}],"predecessor-version":[{"id":183,"href":"https:\/\/www.azemis.cz\/index.php?rest_route=\/wp\/v2\/pages\/110\/revisions\/183"}],"wp:attachment":[{"href":"https:\/\/www.azemis.cz\/index.php?rest_route=%2Fwp%2Fv2%2Fmedia&parent=110"}],"curies":[{"name":"wp","href":"https:\/\/api.w.org\/{rel}","templated":true}]}}