{"id":150,"date":"2026-04-16T11:31:05","date_gmt":"2026-04-16T09:31:05","guid":{"rendered":"http:\/\/www.azemis.cz\/?page_id=150"},"modified":"2026-04-16T11:31:05","modified_gmt":"2026-04-16T09:31:05","slug":"references-en","status":"publish","type":"page","link":"https:\/\/www.azemis.cz\/?page_id=150","title":{"rendered":"References"},"content":{"rendered":"\n\n<h1 class=\"wp-block-heading\">References &amp; Testimonials<\/h1>\n\n\n\n<p>Our clients&#8216; trust is our best recommendation. Read what they say about working with us.<\/p>\n\n\n\n<blockquote class=\"wp-block-quote is-layout-flow wp-block-quote-is-layout-flow\">\n  <p>\u201eWorking together is absolutely smooth. Everything is handled on time and without unnecessary questions. I can finally run my business without worrying about accounting.&#8220;<\/p>\n  <cite>Jana K. \u2013 Freelance graphic designer, Prague<\/cite>\n<\/blockquote>\n\n\n\n<blockquote class=\"wp-block-quote is-layout-flow wp-block-quote-is-layout-flow\">\n  <p>\u201eWe switched after a bad experience with our previous accountant. The difference is huge \u2013 professionalism, speed, helpfulness. Highly recommended.&#8220;<\/p>\n  <cite>Tom\u00e1\u0161 M. \u2013 Director, IT company<\/cite>\n<\/blockquote>\n\n\n\n<blockquote class=\"wp-block-quote is-layout-flow wp-block-quote-is-layout-flow\">\n  <p>\u201eThey helped us set up payroll when we expanded our team. They explained everything, set it all up, and are always available. Great work.&#8220;<\/p>\n  <cite>Petra V. \u2013 E-commerce owner, Central Bohemia<\/cite>\n<\/blockquote>\n\n\n\n<h2 class=\"wp-block-heading\">Clients from Various Industries<\/h2>\n\n\n\n<ul class=\"wp-block-list\">\n  <li>IT companies and freelancers<\/li>\n  <li>Construction and trade companies<\/li>\n  <li>E-commerce and online businesses<\/li>\n  <li>Healthcare and beauty services<\/li>\n  <li>Consulting and education firms<\/li>\n  <li>Restaurants and hospitality<\/li>\n<\/ul>\n\n\t\t","protected":false},"excerpt":{"rendered":"<p>References &amp; Testimonials Our clients&#8216; trust is our best recommendation. Read what they say about working with us. \u201eWorking together is absolutely smooth. Everything is handled on time and without unnecessary questions. I can finally run my business without worrying about accounting.&#8220; Jana K. \u2013 Freelance graphic designer, Prague \u201eWe switched after a bad experience &#8230; <a title=\"References\" class=\"read-more\" href=\"https:\/\/www.azemis.cz\/?page_id=150\" aria-label=\"\u010c\u00edst v\u00edce o References\">\u010c\u00edst d\u00e1l<\/a><\/p>\n","protected":false},"author":1,"featured_media":0,"parent":0,"menu_order":15,"comment_status":"closed","ping_status":"closed","template":"","meta":{"footnotes":""},"class_list":["post-150","page","type-page","status-publish"],"_links":{"self":[{"href":"https:\/\/www.azemis.cz\/index.php?rest_route=\/wp\/v2\/pages\/150","targetHints":{"allow":["GET"]}}],"collection":[{"href":"https:\/\/www.azemis.cz\/index.php?rest_route=\/wp\/v2\/pages"}],"about":[{"href":"https:\/\/www.azemis.cz\/index.php?rest_route=\/wp\/v2\/types\/page"}],"author":[{"embeddable":true,"href":"https:\/\/www.azemis.cz\/index.php?rest_route=\/wp\/v2\/users\/1"}],"replies":[{"embeddable":true,"href":"https:\/\/www.azemis.cz\/index.php?rest_route=%2Fwp%2Fv2%2Fcomments&post=150"}],"version-history":[{"count":1,"href":"https:\/\/www.azemis.cz\/index.php?rest_route=\/wp\/v2\/pages\/150\/revisions"}],"predecessor-version":[{"id":187,"href":"https:\/\/www.azemis.cz\/index.php?rest_route=\/wp\/v2\/pages\/150\/revisions\/187"}],"wp:attachment":[{"href":"https:\/\/www.azemis.cz\/index.php?rest_route=%2Fwp%2Fv2%2Fmedia&parent=150"}],"curies":[{"name":"wp","href":"https:\/\/api.w.org\/{rel}","templated":true}]}}