{"id":170,"date":"2026-04-16T11:31:05","date_gmt":"2026-04-16T09:31:05","guid":{"rendered":"http:\/\/www.azemis.cz\/?page_id=170"},"modified":"2026-04-16T11:31:05","modified_gmt":"2026-04-16T09:31:05","slug":"blog-en","status":"publish","type":"page","link":"https:\/\/www.azemis.cz\/?page_id=170","title":{"rendered":"Blog &#038; News"},"content":{"rendered":"\n\n<h1 class=\"wp-block-heading\">Blog &amp; News<\/h1>\n\n\n\n<p>Stay up to date with news in taxation, accounting, and business. We regularly share tips, alerts about legislative changes, and practical advice.<\/p>\n\n\n\n<div class=\"wp-block-query is-layout-flow wp-block-query-is-layout-flow\">\n  <ul class=\"wp-block-post-template is-layout-flow wp-block-post-template-is-layout-flow\"><li class=\"wp-block-post post-1 post type-post status-publish format-standard hentry category-nezarazene\">\n    <h2 class=\"wp-block-post-title\"><a href=\"https:\/\/www.azemis.cz\/?p=1\" target=\"_self\" >Ahoj v\u0161ichni!<\/a><\/h2>\n    <div class=\"wp-block-post-date\"><time datetime=\"2026-04-15T21:35:05+02:00\">15. 4. 2026<\/time><\/div>\n    <div class=\"wp-block-post-excerpt\"><p class=\"wp-block-post-excerpt__excerpt\">V\u00edtejte ve WordPressu. Toto je v\u00e1\u0161 prvn\u00ed p\u0159\u00edsp\u011bvek. M\u016f\u017eete ho upravit, nebo smazat a postupn\u011b pak za\u010d\u00edt s tvorbou vlastn\u00edho webu.<\/p><p class=\"wp-block-post-excerpt__more-text\"><a class=\"wp-block-post-excerpt__more-link\" href=\"https:\/\/www.azemis.cz\/?p=1\">Read more \u2192<\/a><\/p><\/div>\n  <\/li><\/ul>\n  \n<\/div>\n\n\t\t","protected":false},"excerpt":{"rendered":"<p>Blog &amp; News Stay up to date with news in taxation, accounting, and business. We regularly share tips, alerts about legislative changes, and practical advice.<\/p>\n","protected":false},"author":1,"featured_media":0,"parent":0,"menu_order":17,"comment_status":"closed","ping_status":"closed","template":"","meta":{"footnotes":""},"class_list":["post-170","page","type-page","status-publish"],"_links":{"self":[{"href":"https:\/\/www.azemis.cz\/index.php?rest_route=\/wp\/v2\/pages\/170","targetHints":{"allow":["GET"]}}],"collection":[{"href":"https:\/\/www.azemis.cz\/index.php?rest_route=\/wp\/v2\/pages"}],"about":[{"href":"https:\/\/www.azemis.cz\/index.php?rest_route=\/wp\/v2\/types\/page"}],"author":[{"embeddable":true,"href":"https:\/\/www.azemis.cz\/index.php?rest_route=\/wp\/v2\/users\/1"}],"replies":[{"embeddable":true,"href":"https:\/\/www.azemis.cz\/index.php?rest_route=%2Fwp%2Fv2%2Fcomments&post=170"}],"version-history":[{"count":1,"href":"https:\/\/www.azemis.cz\/index.php?rest_route=\/wp\/v2\/pages\/170\/revisions"}],"predecessor-version":[{"id":189,"href":"https:\/\/www.azemis.cz\/index.php?rest_route=\/wp\/v2\/pages\/170\/revisions\/189"}],"wp:attachment":[{"href":"https:\/\/www.azemis.cz\/index.php?rest_route=%2Fwp%2Fv2%2Fmedia&parent=170"}],"curies":[{"name":"wp","href":"https:\/\/api.w.org\/{rel}","templated":true}]}}